s -106985151 + 3?
-10698514a
In base 11, what is -163a39 + -390?
-164319
In base 5, what is -2304142314 + -1030?
-2304143344
In base 2, what is 11100110000000010 - -1110110?
11100110001111000
In base 16, what is 3 + -180d13f?
-180d13c
In base 15, what is -68c9c + 1?
-68c9b
In base 2, what is 110001001000 - 100101100010001100?
-100100110001000100
In base 11, what is -210a3 - 1a02?
-22aa5
In base 4, what is 10133012000303 - 22?
10133012000221
In base 10, what is -117374 - 2730?
-120104
In base 11, what is -335434a - 8?
-3354357
In base 11, what is 1021 + 9890?
a901
In base 12, what is 63 - -177353?
1773b6
In base 9, what is -30702111 - 3?
-30702114
In base 8, what is -13 + 5620553?
5620540
In base 4, what is 1 + -22030300101221?
-22030300101220
In base 9, what is 1 - 6143475?
-6143474
In base 15, what is 4 + -316545a?
-3165456
In base 14, what is 1 + -d4368a2?
-d4368a1
In base 4, what is -1222 - 13203301212?
-13203303100
In base 9, what is 355171625 + -4?
355171621
In base 15, what is -c2681 + -14?
-c2695
In base 12, what is -109b81 - 17?
-109b98
In base 8, what is 1507 - -1063340?
1065047
In base 8, what is 721701 - -1?
721702
In base 12, what is 13599b + -8?
135993
In base 2, what is -1100000111101111 + -10001000101110?
-1110010000011101
In base 14, what is b20ac3 + -5c?
b20a65
In base 3, what is 12222202210122002 - -1?
12222202210122010
In base 11, what is -1a58 + -57881?
-59829
In base 12, what is 759 + -117397?
-11683a
In base 9, what is -262645 - -254?
-262381
In base 6, what is 2 - 50113142?
-50113140
In base 14, what is -1d45a9 + -b?
-1d45b6
In base 12, what is 617a02 + 73?
617a75
In base 12, what is -95 - -60811?
60738
In base 2, what is 11011010 - -1101010101010110110000?
1101010101011010001010
In base 9, what is -14618 + 685?
-13823
In base 11, what is -25a - 2a16?
-3175
In base 16, what is b257 - -128?
b37f
In base 16, what is 8 - -4954374?
495437c
In base 11, what is -21 + -178487?
-1784a8
In base 4, what is -1 - 233303023022?
-233303023023
In base 6, what is 5 - 244125043?
-244125034
In base 8, what is 1611 + -77353?
-75542
In base 11, what is -1 - 3023434?
-3023435
In base 15, what is 11e + -48b9?
-479a
In base 11, what is 1406 - -4a33?
6339
In base 14, what is -2d - -d470?
d441
In base 13, what is 19 - -543ba8?
543bc4
In base 7, what is -22456626324 + -5?
-22456626332
In base 3, what is -2022 - 1112112121100?
-1112112200122
In base 11, what is -5 + 12a647?
12a642
In base 3, what is 200 - -11100101210?
11100102110
In base 10, what is 31837674 - 5?
31837669
In base 12, what is -16139a9 + -14?
-1613a01
In base 8, what is -110 + -1605336?
-1605446
In base 14, what is -1 + 182606?
182605
In base 15, what is -c + -15e28?
-15e35
In base 8, what is 3 - -440152020?
440152023
In base 12, what is -136 + -693a?
-6a74
In base 5, what is 214113 - 1031343?
-312230
In base 14, what is 308b5 - -9?
308c0
In base 8, what is 674 - 5153?
-4257
In base 15, what is 3 - 132331?
-13232d
In base 7, what is 1 + -31421535?
-31421534
In base 8, what is 65677142 + 15?
65677157
In base 4, what is -1213 - 2300132?
-2302011
In base 3, what is -12011121002 + 10211?
-12011110021
In base 16, what is d02b8 + -49?
d026f
In base 10, what is 10891202 + -36?
10891166
In base 4, what is 123303121121 - -33?
123303121220
In base 3, what is -12 + 12010202212221?
12010202212202
In base 11, what is 25334 - a371?
15a73
In base 11, what is 31865 + -9?
31857
In base 4, what is 132 - -10111232223?
10111233021
In base 16, what is -d + -3ea918?
-3ea925
In base 14, what is 31 + -3262?
-3231
In base 13, what is 2 + 37590cb?
3759100
In base 8, what is 337 - -122421?
122760
In base 10, what is 47089 - -24?
47113
In base 8, what is -4 + -75247325?
-75247331
In base 11, what is 2 - -2270325?
2270327
In base 5, what is 12220 + 210243?
223013
In base 2, what is 1101111001101001 - -1111010111000?
1111110100100001
In base 11, what is -1103 + -129?
-1231
In base 12, what is -167 - -1b835b?
1b81b4
In base 13, what is -604 - 411?
-a15
In base 10, what is -3811463 - 1?
-3811464
In base 4, what is -10011002320 + 20203?
-10010322111
In base 5, what is -204311 - -4313?
-144443
In base 9, what is -5 - -30870682?
30870676
In base 9, what is 6 + 288631?
288637
In base 7, what is 0 + -332406611?
-332406611
In base 5, what is -343324232 + 130?
-343324102
In base 4, what is 21333133022103 - -13?
21333133022122
In base 10, what is -111358 + 31?
-111327
In base 10, what is -3 - 172857369?
-172857372
In base 11, what is 25696 - -12a?
25815
In base 7, what is 1046512 + 3266?
1053111
In base 15, what is b7 - 598ba4?
-598adc
In base 4, what is 2322201101 - 10?
2322201031
In base 15, what is -2c + -39150?
-3917c
In base 16, what is 2a2d + 13f8?
3e25
In base 14, what is -4a - -21c2d5?
21c289
In base 6, what is -110505133 - -143?
-110504550
In base 5, what is -223244443 - -120?
-223244323
In base 5, what is -2 + -2423014122?
-2423014124
In base 10, what is 5 - 1035386?
-1035381
In base 12, what is 7 + -1931696?
-193168b
In base 5, what is -3114144 - 2013?
-3121212
In base 7, what is 0 - -1531463?
1531463
In base 3, what is 110210122101020 - -12212?
110210122121002
In base 13, what is -2 - -4299a9?
4299a7
In base 12, what is 10b87289 - -1?
10b8728a
In base 4, what is 201 - -1310000121?
1310000322
In base 7, what is -42621326 + -14?
-42621343
In base 3, what is 1221220020002001221 + -2?
1221220020002001212
In base 10, what is -273 + -72599?
-72872
In base 3, what is 200000 + -210110210102?
-210110010102
In base 4, what is 312013203 + -212332?
311200211
In base 11, what is -251 - -60251a?
602279
In base 13, what is -12020 + 2cc5?
-c028
In base 4, what is 30301 + -122011?
-31110
In base 7, what is 1362650 + 4504?
1400454
In base 4, what is 12032112123 - -111?
12032112300
In base 4, what is -3101 + -110123022?
-110132123
In base 14, what is 48c - -12?
4a0
In base 5, what is 14221444 + -223?
14221221
In base 11, what is 50 - -945a8a3?
945a943
In base 16, what is 4 - -a82cfc?
a82d00
In base 5, what is -10130441 - -1443?
-10123443
In base 12, what is -64aa8916 - 1?
-64aa8917
In base 16, what is 3e417b + e?
3e4189
In base 10, what is -1 + -5276131?
-5276132
In base 10, what is -7432 - -8295?
863
In base 12, what is -1684 + 951?
-933
In base 4, what is -321000023032121 - 1?
-321000023032122
In base 15, what is -1a - 3a12000?
-3a1201a
In base 8, what is -534 - 23371?
-24125
In base 3, what is -10 + 11000221002200?
11000221002120
In base 12, what is -16b - 4a3a?
-4ba9
In base 15, what is 146d8b + -245?
146b46
In base 6, what is -42325031 + 105?
-42324522
In base 13, what is -51cc + ca?
-5102
In base 10, what is -988699744 + 2?
-988699742
In base 2, what is 1100010010110 - -1000100010111010?
1010000101010000
In base 11, what is 5 + 4767562?
4767567
In base 2, what is -10001100 + -1111101010111111?
-1111101101001011
In base 9, what is 5674427 + 0?
5674427
In base 15, what is 55ab9e + 5?
55aba4
In base 9, what is 0 - -421704346?
421704346
In base 5, what is -12043122 - 20322?
-12113444
In base 6, what is -2013 - 542532?
-544545
In base 13, what is 33c414 + -8?
33c409
In base 5, what is -221333040 - 1?
-221333041
In base 11, what is -21 + -107423a?
-1074260
In base 13, what is -1 + 12bba894?
12bba893
In base 12, what is 43 - -3b09b?
3b122
In base 15, what is 264e3 - 1bc?
26326
In base 10, what is -4898117 - -4?
-4898113
In base 10, what is -2224 - -6284?
4060
In base 9, what is 3851 + -4376?
-425
In base 14, what is -2587 - -9890?
7307
In base 2, what is 11010001000111100100 + -11001111?
11010001000100010101
In base 7, what is 0 + -2160?
-2160
In base 13, what is -390aa - 1301?
-3a3ab
In base 16, what is 31 - -24b5f7?
24b628
In base 10, what is 42 + -16625622?
-16625580
In base 13, what is 5 - -13829b4?
13829b9
In base 8, what is 334 - -1116337?
1116673
In base 13, what is -2c73c3 - 2?
-2c73c5
In base 15, what is 6e4a0 - 0?
6e4a0
In base 10, what is 850 + -5155?
-4305
In base 6, what is 35 - 14422223?
-14422144
In base 10, what is -304 + 8725?
8421
In base 12, what is -4459b96 + 1?
-4459b95
In base 11, what is -1377a + 16a?
-13610
In base 12, what is -5b2a - -332?
-57b8
In base 12, what is a83 - -1910b9?
191b80
In base 6, what is 155 - -4205501?
4210100
In base 4, what is 120023302 + -230011?
113133231
In base 12, what is -